. Suppose 0*k + 4*k + 2*i + 8 = 0, c = -5*k + 2*i. What is the units digit of t(k)?
2
Let a(h) = -h**3 + 6*h**2 + h - 8. Let r be a(5). Let i(v) = -v**2 + 31*v - 101. What is the tens digit of i(r)?
9
Suppose -10*i + 50976 = 6*y - 6*i, -2*i = 0. What is the units digit of y?
6
Suppose -5*o - 29*l + 47525 = -24*l, 0 = o - 5*l - 9487. What is the units digit of o?
2
What is the thousands digit of (5/(-5) - -5)/(7/(646744/16))?
3
Suppose 0 = -4*r - 144*d + 139*d + 8616, 3*d = 0. What is the units digit of r?
4
Let v(j) = -j**3 + 6*j**2 - 4*j + 2. Let c be v(4). Suppose c*q - 20 = 16*q. What is the tens digit of ((-36)/(-15))/(q/125)?
3
Let f(w) be the first derivative of -29*w**4/4 - w**3 - w**2/2 - 2*w - 19. What is the hundreds digit of f(-2)?
2
Let p(f) = f**2 + 2*f - 90. Let h be p(9). What is the hundreds digit of 1 + 3327/h - (-4)/(-6)?
3
Let n(p) = p + 9. Let m(q) = q**2 - 9*q + 1. Let f be m(8). Let r be n(f). Suppose 0 = -r*x - y + 105 + 28, -5*y = x - 71. What is the tens digit of x?
6
Suppose 0 = -169*u + 170*u - 5. Suppose p + p - 2 = 2*z, u*z = -15. What is the units digit of 1/p*(-37 + -11)?
4
Let o(b) = 7*b**2 + 2*b + 17. Let c be o(-5). Suppose 2*p - 122 = -4*h, 3*p - 14*h - c = -19*h. What is the tens digit of p?
5
Let c(d) = -33*d + 73. Let w be ((-36)/(36/6))/2. What is the tens digit of c(w)?
7
What is the thousands digit of 28/(-56)*-1*(14232 + -6)?
7
Let u = 253 - 325. What is the hundreds digit of (-16)/u - (17776/(-9))/4?
4
Let d = 128 + -216. Suppose 5*r = -130 + 25. What is the tens digit of r/7 - (d + (2 - 3))?
8
Let p(l) = l**3 + 8*l**2 - 8*l + 4. Let q be p(-9). What is the tens digit of 2*(15 + q)*7?
4
Let b = 269 + -745. Let l = -437 - b. What is the tens digit of l?
3
Suppose 97*i + 513318 = 2872746. What is the thousands digit of i?
4
Suppose 0 = 14*m - 106*m + 1078608. What is the hundreds digit of m?
7
Let j(t) = -19*t - 121. Let x be j(-8). Suppose v = -x*v + 12576. What is the tens digit of v?
9
Let o = -91140 - -130307. What is the tens digit of o?
6
Suppose -5*o + 0*s + 30 = -4*s, -s = -4*o + 13. Let b be o/7 - (-46)/(-161). Suppose b = -6*y + 155 + 223. What is the tens digit of y?
6
Let y be 6/((-36)/(-813))*(-2)/1. Let x = -127 - y. What is the hundreds digit of x?
1
Suppose 7*d = 3 + 25. Suppose 4*t - 15 = t + 3*j, 3*t + d*j = -6. Suppose 0 = 4*q + q - 4*b - 424, 170 = t*q - 2*b. What is the units digit of q?
4
Let t(k) = 595*k**2 + 30*k + 16. What is the thousands digit of t(3)?
5
Let v(d) = -21*d**2 + 117*d - 219. Let p be v(5). Suppose 0*y + 4*y + 1272 = 0. Let k = p - y. What is the hundreds digit of k?
1
Let j(q) = 22*q - 4. Let z = -9 - 6. Let d be 14/3 + (-5)/z. What is the tens digit of j(d)?
0
Let y(g) = 8*g**2 - 16*g + 29. Let s be y(2). Suppose 43*o - 22428 = s*o. What is the tens digit of o?
0
Let t(i) = 87 + 62 + 55 + 16*i - 105. What is the hundreds digit of t(32)?
6
What is the hundreds digit of 75595/9 + (-1420)/(-2556)?
4
Suppose 7*a = 35862 + 19732. What is the thousands digit of a?
7
Suppose 8*j - 53*o + 56*o - 206062 = 0, -5*o = -4*j + 103018. What is the units digit of j?
7
Suppose 396*w + 388*w = 782*w + 216. What is the tens digit of w?
0
Let b be (0/(3/(-6)*-4))/2. Suppose b*h - 411 = -3*h. What is the tens digit of 3 + 1 + h/1?
4
What is the thousands digit of 6350 + ((-84)/(-35))/(36/135)?
6
Suppose 8*s - 11136 - 3024 = 0. Suppose -f + 3*p + s = 0, -f + 6*f + p - 8850 = 0. What is the tens digit of f?
7
Suppose 77*r - 76*r = 2. What is the hundreds digit of (-26158)/(-187) - r*1/(-17)?
1
Let n(f) = 81*f**2 - 111*f + 178. What is the units digit of n(-16)?
0
Let a(c) = 2*c + 28. Let h be a(-6). Suppose h*o = 9*o + 28. Suppose 1156 = -5*m + 9*m - n, -o*m = -2*n - 1156. What is the hundreds digit of m?
2
Suppose -234*x = -239*x + 62830. What is the thousands digit of x?
2
Let r be 3 + (-1 - 6 - 4). Let y(x) be the second derivative of x**4/6 - 5*x**3/3 + 5*x**2 - 53*x. What is the tens digit of y(r)?
1
Suppose -5*v - 2*u = -3783, 2*u - 4*u - 3012 = -4*v. What is the units digit of v?
5
Let g(c) = 19*c - 17. Let x be g(3). Suppose -2 = -39*d + x*d. What is the tens digit of (((-2)/(-4))/(-1))/(d/176)?
4
Let f(z) = 8*z - 38. Let a(m) = -15*m + 75. Let v(w) = -4*a(w) - 9*f(w). Let p(h) = 18*h - 63. Let n(u) = 5*p(u) + 8*v(u). What is the units digit of n(-5)?
1
Let r(c) = c**3 - 6*c**2 - 5*c - 5. Let j be r(7). Suppose -l - 5 + j = 0. Suppose 0 = l*b - 32 - 4. What is the units digit of b?
9
Suppose -10*w = -7*w + 63. Let i(a) = a**3 + 22*a**2 - 22*a - 29. What is the units digit of i(w)?
4
Suppose 3*g - 118 = 5*t, 4*t - 3*t - 4 = 0. Let a = g - 28. What is the tens digit of a?
1
What is the units digit of 8/(-6)*((-580216)/70 - 1/5)?
2
Let b(y) = 48*y - 1. Let h be b(1). Suppose 2*o = -h + 119. What is the tens digit of o/27*(-87)/(-2)?
5
Let x(h) = -9*h - 12. Suppose -2*o - 3*j - 2 = 0, -o - 5*j + 2*j + 2 = 0. Let l be 1/o - (-171)/(-36). What is the units digit of x(l)?
3
Let o(a) = 2*a**2 + 13*a - 4. Let j be o(-9). Suppose -39*r + 4 = -j*r. Let p(l) = -13*l**3 + l**2 - 2*l - 3. What is the hundreds digit of p(r)?
1
Let p be (6 + -99)*4/6. Let s = -32 - p. Suppose -t + 5*r = -13, -s + 101 = 2*t - r. What is the units digit of t?
8
Suppose -5*g + 103177 = -3*s, 3*g + s + 21408 = 83303. What is the tens digit of g?
3
What is the units digit of (19286/(-4))/(6 + (-2032)/96 + 15)?
9
Let h(g) = -g + 19*g + 17*g**2 - 12 - 9*g**2 + 16*g**2. What is the hundreds digit of h(8)?
6
What is the hundreds digit of 58140/100 - (1 + (-6)/10)?
5
Suppose -5*u = 2*u - 42. Let m be (-3)/2*(-52)/u. Suppose 4*b = m + 19. What is the units digit of b?
8
Let t = 315 + -296. Suppose -24*h + 2595 = -t*h. What is the hundreds digit of h?
5
Suppose -3*z - 33 = -14*z. Suppose z*l + 20942 = 40*l. What is the hundreds digit of l?
5
Suppose -64 = -5*f + 61. Suppose -2*a - 115 = f. What is the tens digit of a*(-2 - 3)/5?
7
Let s(q) = 873*q**2 + 269*q - 820. What is the units digit of s(3)?
4
Let q(o) = -28*o + 38. Let k be q(11). Let m = k + 316. What is the tens digit of m?
4
Suppose -4*s + 8 = -4. Let c be ((-20)/(-15))/(-3 - 2305/(-765)). Suppose -s*n + 98 = w, -n - 2*n = 3*w - c. What is the units digit of n?
2
Let m be 79 + (-3 + 1)/2. Suppose 0 = -4*l + m + 54. Suppose 31*n = l*n - 84. What is the tens digit of n?
4
Let v = -7491 + 35440. What is the hundreds digit of v?
9
Let b = 12909 + 15634. What is the units digit of b?
3
What is the thousands digit of (-1)/(8/3 - 2)*1882634/(-481)?
5
Suppose -378 = 4*m + 10*m. Let t = m - -15. What is the units digit of ((-108)/8)/(2/t)?
1
Let y(d) = d**3 + 19*d**2 - 8*d - 6. Let o be y(-16). Suppose -4*x - x = o. Let n = 257 + x. What is the units digit of n?
9
Let s be 12/24*-1*(10 - 2). What is the units digit of (s/3)/((24/3942)/(-2))?
8
Suppose o = z + 6424, -5*z = -4*o + o + 19278. What is the hundreds digit of o?
4
Suppose 3*q + 262*f = 265*f + 62307, 5*f = 4*q - 83078. What is the tens digit of q?
6
Let v = -5044 - -11448. What is the hundreds digit of v?
4
Suppose 0*z = 2*z. Suppose 2*h - 4*k - 1620 = z, -h + 4*k = 12 - 812. What is the units digit of h?
0
Let s(l) = 8*l**3 - 7*l**2 + 110*l + 4. What is the tens digit of s(7)?
7
Let w = 32 + -27. Suppose 2*y = 4 - 14, 0 = 5*k - w*y - 60. Suppose 0 = -5*c - 4*m + 357, 2*c - k*c + 354 = 3*m. What is the units digit of c?
9
Let m(t) = -444*t**3 - 2*t**2 - 28*t - 73. What is the thousands digit of m(-3)?
1
Let d be 2/(-3)*(-5 - (7 - -3)). Let h(y) = 5 - 5 + d*y**2 + 4*y + y**3 + 7. What is the tens digit of h(-9)?
5
Suppose 0 = -12*u - 809 - 235. Let d = 92 + u. Suppose -43 = d*f - 83. What is the units digit of f?
8
Let d(r) = 2*r + 20. Suppose -5*t - 5 + 20 = 0. Let j be ((-33)/(-2))/t*(-156)/(-78). What is the tens digit of d(j)?
4
Let l = 10 + 1. Suppose 2*a - 29 = l. Suppose 0 = 4*g - a - 48. What is the tens digit of g?
1
Let b be (-128)/(-24) - (-2 - 7/(-3)). Suppose -b*h - 1285 = -3*c + 1272, 5*c + 2*h = 4210. What is the hundreds digit of c?
8
Suppose -4 = -u, -22 = -n - 7*u + 3*u. Let b(j) = 6*j - 3*j - 14 + 2*j - n + j**2. What is the tens digit of b(-13)?
8
Let w = 3959 - -4031. What is the hundreds digit of w?
9
Let b = 42 + -42. Suppose b = q - 3*q + 310. Suppose -l + q = -21. What is the tens 